760355
What is -4485424 (base 9) in base 13?
-668a3a
Convert 200156 (base 8) to base 15.
146b6
Convert 699542 (base 11) to base 6.
35450053
What is 73d5 (base 15) in base 10?
24500
What is -15d931 (base 14) in base 9?
-1388577
Convert -30a3bb (base 16) to base 4.
-30022032323
Convert -29534a (base 11) to base 2.
-1110000100010001111
-1324234 (base 7) to base 15
-369e7
Convert -102033300012 (base 4) to base 5.
-2211024420
Convert 33302304 (base 5) to base 13.
a2581
-206160 (base 8) to base 7
-404231
What is -20012210010 (base 3) in base 16?
-1ddc9
Convert -3053554 (base 7) to base 8.
-1313271
-123322123 (base 4) to base 6
-2241151
-3526ac (base 13) to base 5
-310342414
Convert 321707 (base 9) to base 4.
232301110
What is -56e781 (base 16) in base 8?
-25563601
Convert 11233310 (base 6) to base 5.
42044134
5455543 (base 7) to base 8
2433435
Convert -20231210100 (base 4) to base 13.
-61c674
What is 5b8150 (base 13) in base 14?
40d778
-162341251 (base 7) to base 4
-221332000003
What is 24424224 (base 5) in base 13?
82110
What is -171603 (base 11) in base 5?
-31444343
420024241 (base 5) to base 15
23ebeb
What is 1420137 (base 8) in base 9?
671674
dd2a (base 16) to base 13
1ca03
-18cd (base 16) to base 3
-22201011
-254471 (base 14) to base 8
-4703143
Convert -502760 (base 9) to base 11.
-193425
432024532 (base 6) to base 2
11101001100111101001000
33b03 (base 13) to base 6
2003452
What is 10112322001 (base 4) in base 5?
243024101
Convert -331307 (base 9) to base 7.
-1452463
What is 85cc6 (base 14) in base 15?
65d19
641152 (base 11) to base 12
415b77
-10012102 (base 6) to base 16
-44c66
What is 43747266 (base 8) in base 6?
534000130
-33634034 (base 7) to base 15
-3ce098
-1318661 (base 9) to base 2
-10110000001001110010
What is -2a49ba (base 13) in base 10?
-1038658
-113221022301 (base 4) to base 5
-3041313222
Convert 2034298 (base 10) to base 11.
116a442
What is 1420214 (base 15) in base 14?
1d031c0
19410 (base 15) to base 13
2b392
Convert 19766 (base 14) to base 12.
31452
-8961a1 (base 12) to base 14
-40d4b7
What is 1006235 (base 8) in base 5?
31442443
Convert 1673b1 (base 12) to base 16.
5e375
Convert 23106 (base 11) to base 16.
827a
What is -82522 (base 10) in base 12?
-3b90a
d540f (base 16) to base 12
3615a7
What is -473161 (base 8) in base 12?
-79495
What is -1103989 (base 13) in base 16?
-4f7137
Convert 750245 (base 8) to base 4.
331002211
Convert -12555024 (base 6) to base 16.
-66778
700630 (base 8) to base 16
38198
What is -25e4e2 (base 16) in base 6?
-125121202
-113c61b (base 14) to base 9
-16413217
What is -3d9a6 (base 14) in base 8?
-452376
Convert c4b4a (base 15) to base 12.
260a21
1753345 (base 8) to base 9
862670
-10211202 (base 6) to base 14
-7a398
What is 10b594 (base 15) in base 3?
1111112022211
What is 12625430 (base 8) in base 11?
1662591
What is 25775244 (base 9) in base 2?
110000011001001110110100
What is 164410203 (base 7) in base 12?
39243a9
Convert -12212001222 (base 3) to base 13.
-405b3
Convert -13122223133 (base 4) to base 8.
-7325337
What is 10857270 (base 9) in base 2?
10100001100010110110110
Convert 11020010001 (base 3) to base 8.
242364
Convert 8673071 (base 10) to base 13.
1a488c4
2110212000112 (base 3) to base 10
1315859
Convert -b40b1 (base 13) to base 16.
-4ee1f
Convert 310154435 (base 6) to base 14.
9cbc91
4c6a1 (base 14) to base 6
4005541
What is -76617457 (base 8) in base 16?
-fb1f2f
What is 142428e (base 15) in base 5?
12210342314
What is -1213112443 (base 5) in base 6?
-141212534
-1401882 (base 11) to base 12
-98748a
Convert -1330100 (base 7) to base 12.
-85562
-6442622 (base 8) to base 6
-100523014
-8a5487 (base 11) to base 7
-15154143
5a6ba (base 12) to base 10
121966
-110000110100000000101 (base 2) to base 3
-10000021002111
Convert c71a (base 15) to base 9.
63667
What is -121102221121 (base 3) in base 4?
-1033000312
1c59c70 (base 13) to base 5
4404301042
Convert 1406704 (base 12) to base 11.
2287850
Convert 789503 (base 15) to base 16.
57c540
What is 459c2 (base 13) in base 2?
11110111110111100
What is -50165 (base 7) in base 4?
-2331011
Convert 2035702 (base 11) to base 4.
31231210311
Convert -1219452 (base 13) to base 12.
-1a6b520
What is 140c9 (base 13) in base 5?
2200024
What is 435465 (base 7) in base 13?
28a01
What is -12120000100 (base 3) in base 6?
-2202143
Convert -34702406 (base 8) to base 9.
-15218032
-594391 (base 11) to base 13
-27019c
What is -22166552 (base 9) in base 12?
-3716825
What is 34479d (base 14) in base 2?
110110010011110100111
67b56 (base 15) to base 4
1100203023
Convert -10122200201122 (base 3) to base 15.
-2858ab
What is 11011111120 (base 3) in base 15?
19479
What is 1b487 (base 13) in base 8?
150413
What is -3ce9a (base 15) in base 10?
-195670
1db2bb (base 15) to base 10
1455251
8405a (base 12) to base 14
46ddc
Convert -31065 (base 15) to base 16.
-25ed1
Convert 29946 (base 12) to base 14.
173b8
-111000101110110100101 (base 2) to base 12
-757971
What is -1660189 (base 12) in base 16?
-463ef9
Convert -100101000111111011101101 (base 2) to base 15.
-cc3781
-2510523 (base 6) to base 2
-100000101000110011
Convert -447329 (base 14) to base 11.
-1348719
What is 3016037 (base 9) in base 10?
1605292
What is 1444310 (base 5) in base 7?
156656
What is 31445134 (base 6) in base 8?
3414362
-122222221200010 (base 3) to base 13
-1c9b85b
Convert 1110001110001010001011 (base 2) to base 8.
16161213
What is 14232225 (base 6) in base 12?
1b5675
Convert 1010001011111111101110 (base 2) to base 5.
1140424244
-24349 (base 15) to base 6
-2250410
Convert -21e4 (base 16) to base 11.
-6578
-10111001111011001 (base 2) to base 4
-113033121
263634 (base 7) to base 16
c0d8
What is -355a5 (base 11) in base 10?
-51298
Convert 6653652 (base 7) to base 15.
112ed6
Convert 101010010001000101111101 (base 2) to base 10.
11080061
937e (base 15) to base 9
46672
What is 10101000011001100011 (base 2) in base 7?
5601654
Convert 100101211020 (base 3) to base 2.
101101001011001101
What is -2010210000012 (base 3) in base 11?
-70747a
1ab27b6 (base 13) to base 6
513520500
What is -1b541a (base 14) in base 7?
-11200233
Convert 16d47 (base 15) to base 10.
73867
What is 1648256 (base 10) in base 13?
4592cc
Convert -9454a1 (base 13) to base 15.
-4876d3
Convert -15ae0e (base 16) to base 5.
-330431224
Convert 2c711 (base 13) to base 3.
11022011102
5450644 (base 11) to base 9
20014706
What is 51789a (base 12) in base 7?
13602466
What is 9832 (base 16) in base 10?
38962
-53534322 (base 6) to base 7
-16313222
What is 10001011100001010100 (base 2) in base 13?
170169
Convert -7a6218 (base 12) to base 3.
-10200120102102
What is 934a0a (base 13) in base 15?
47d923
-4030323 (base 5) to base 16
-fbcf
Convert -2022012001100 (base 3) to base 4.
-10222311123
3cff5f (base 16) to base 10
3997535
What is 319629 (base 10) in base 14?
846a9
What is 1a8887 (base 13) in base 16?
a5066
Convert -31d509 (base 15) to base 12.
-965853
What is -1041083 (base 9) in base 7?
-4514151
Convert -10042414141 (base 5) to base 9.
-21038178
Convert -15426e (base 15) to base 3.
-1221011011112
-4873a (base 16) to base 12
-1238a2
-2111111112 (base 3) to base 10
-49208
Convert -23125323 (base 7) to base 11.
-1162335
What is 24644666 (base 7) in base 10?
2229842
Convert 312131 (base 6) to base 2.
110001000010111
Convert 201244034 (base 5) to base 9.
1457735
Convert -110112111220 (base 3) to base 12.
-ba989
Convert 503dda (base 15) to base 6.
213355254
-1420023 (base 6) to base 12
-3a613
283445 (base 9) to base 5
21020023
What is 2705851 (base 9) in base 3?
2210012221201
5c944 (base 14) to base 11
145471
What is -2314034214 (base 5) in base 8?
-23725500
10101100000101010 (base 2) to base 15
1b18b
What is -341a2a (base 11) in base 10?
-544290
Convert 789508 (base 14) to base 6.
223455112
Convert -1312020213 (base 4) to base 12.
-1b4033
Convert -41443 (base 12) to base 15.
-1a419
What is -4555441 (base 8) in base 11?
-774485
Convert 44a775 (base 11) to base 4.
2233003033
Convert -aad316 (base 14) to base 4.
-112013230120
What is -1b269c (base 13) in base 9?
-1262778
609657 (base 10) to base 9
1128256
What is -1220313202 (base 4) in base 7?
-3436204
243032 (base 7) to base 11
30296
Convert -932569 (base 11) to base 14.
-2ad64c
What is 96542 (base 10) in base 2?
1011110010001